nd 377?
13
What is the greatest common divisor of 108 and 72572?
4
What is the highest common divisor of 95462 and 1062?
118
What is the greatest common divisor of 836 and 22759?
11
Calculate the highest common factor of 4 and 25439.
1
What is the greatest common factor of 5655 and 45?
15
What is the highest common divisor of 1554 and 403041?
111
What is the highest common factor of 999 and 111?
111
Calculate the greatest common divisor of 3712 and 37584.
464
Calculate the highest common factor of 51 and 13743.
3
What is the greatest common divisor of 243 and 32?
1
Calculate the highest common divisor of 917 and 1407.
7
Calculate the greatest common factor of 3324452 and 204.
68
Calculate the greatest common factor of 1 and 283489.
1
Calculate the greatest common divisor of 40305 and 35.
5
Calculate the greatest common factor of 84 and 18543.
21
What is the highest common factor of 13567 and 11?
1
Calculate the greatest common divisor of 28077 and 18336.
573
What is the highest common divisor of 3 and 5527?
1
Calculate the greatest common factor of 1105 and 873205.
85
What is the highest common divisor of 505470 and 174?
174
Calculate the highest common factor of 12 and 97790.
2
Calculate the highest common divisor of 209 and 153197.
209
Calculate the highest common factor of 97644 and 6636.
948
What is the highest common factor of 47530 and 14?
14
What is the greatest common divisor of 747 and 21663?
747
Calculate the highest common divisor of 891 and 1078.
11
What is the greatest common factor of 11101 and 1207?
17
What is the highest common divisor of 71 and 589087?
71
Calculate the highest common divisor of 1024 and 17152.
256
Calculate the highest common factor of 3845619 and 95.
19
What is the greatest common divisor of 18 and 764634?
6
What is the highest common divisor of 837 and 5394?
93
What is the highest common divisor of 198324 and 252?
252
What is the highest common factor of 5184042 and 6?
6
Calculate the greatest common divisor of 15867 and 1548.
387
Calculate the greatest common divisor of 153 and 291825.
9
Calculate the greatest common factor of 2174195 and 5.
5
What is the greatest common factor of 465084 and 108?
36
What is the highest common divisor of 684024 and 48?
24
What is the highest common factor of 57300 and 250?
50
Calculate the greatest common divisor of 5075 and 6960.
145
Calculate the highest common factor of 896 and 1200640.
896
What is the highest common divisor of 190 and 551?
19
What is the highest common divisor of 193697 and 48776?
469
Calculate the highest common factor of 193408 and 32.
32
Calculate the greatest common divisor of 18561 and 4842.
807
Calculate the greatest common factor of 323 and 4318.
17
What is the greatest common divisor of 52 and 6092?
4
What is the greatest common factor of 398410 and 50?
10
Calculate the greatest common divisor of 988 and 408956.
76
Calculate the greatest common factor of 28124 and 395.
79
Calculate the greatest common factor of 2235 and 2518100.
745
What is the highest common factor of 620 and 67890?
310
Calculate the greatest common divisor of 14 and 624722.
14
What is the highest common factor of 1176 and 2712?
24
Calculate the highest common divisor of 71680 and 1090.
10
Calculate the highest common divisor of 11 and 4411.
11
Calculate the greatest common factor of 259299 and 846.
423
What is the highest common divisor of 17730 and 40?
10
Calculate the greatest common divisor of 1575 and 947475.
225
What is the highest common divisor of 713 and 5451?
23
What is the highest common divisor of 135 and 83655?
45
Calculate the greatest common divisor of 168 and 5784.
24
Calculate the highest common factor of 2176434 and 9432.
2358
What is the highest common divisor of 24 and 35688?
24
What is the highest common factor of 211270 and 10?
10
What is the highest common divisor of 1081 and 1679?
23
Calculate the highest common divisor of 2482 and 1768.
34
Calculate the highest common factor of 666 and 47323.
37
Calculate the highest common divisor of 144 and 29811.
3
Calculate the greatest common divisor of 38170 and 220.
110
What is the highest common factor of 116 and 131892?
116
What is the highest common divisor of 820 and 1260?
20
Calculate the highest common factor of 599 and 2772771.
599
Calculate the highest common divisor of 517 and 188.
47
What is the highest common divisor of 864 and 18288?
144
What is the greatest common divisor of 128 and 386752?
64
What is the highest common factor of 519 and 33?
3
Calculate the greatest common factor of 342 and 22437.
9
What is the highest common factor of 1280 and 65080?
40
Calculate the highest common factor of 45960 and 5064.
24
Calculate the greatest common divisor of 13225 and 3100.
25
Calculate the highest common factor of 700 and 4676.
28
Calculate the greatest common factor of 137 and 30962.
137
What is the highest common factor of 101376 and 198?
198
Calculate the highest common factor of 24183 and 549.
9
What is the greatest common divisor of 64 and 1745056?
32
What is the highest common divisor of 279 and 27?
9
Calculate the greatest common divisor of 147813 and 87.
87
Calculate the greatest common factor of 2830 and 584678.
566
Calculate the highest common factor of 102 and 4709.
17
Calculate the highest common divisor of 59755 and 11655.
185
Calculate the highest common factor of 34762 and 32942.
182
Calculate the greatest common divisor of 170924 and 52.
52
What is the greatest common divisor of 12 and 730581?
3
Calculate the greatest common factor of 66 and 122210.
22
What is the greatest common divisor of 13013 and 338?
169
What is the highest common divisor of 182709 and 675?
27
What is the highest common factor of 229 and 3719647?
229
What is the greatest common factor of 3033817 and 4348?
1087
What is the greatest common divisor of 10464 and 115540?
436
Calculate the greatest common divisor of 10252904 and 68.
68
Calculate the greatest common factor of 446 and 102134.
446
Calculate the highest common divisor of 825 and 311575.
275
What is the greatest common divisor of 71 and 5093?
1
What is the highest common divisor of 3828 and 19082?
58
What is the highest common divisor of 3421026 and 4788?
2394
Calculate the highest common factor of 36567 and 34.
17
Calculate the highest common factor of 3657 and 9729.
69
What is the highest common factor of 26 and 131456?
26
Calculate the greatest common divisor of 594443 and 137.
137
Calculate the greatest common factor of 1408010 and 24606.
2734
Calculate the highest common divisor of 8446 and 9579.
103
Calculate the greatest common divisor of 3584 and 76.
4
What is the greatest common divisor of 75780 and 340?
20
Calculate the highest common factor of 2204 and 203.
29
What is the greatest common factor of 52016 and 64?
16
What is the greatest common divisor of 510 and 24546?
6
Calculate the highest common factor of 5577 and 198.
33
Calculate the highest common divisor of 6789 and 14016.
219
Calculate the highest common divisor of 694 and 3817.
347
Calculate the highest common divisor of 16199 and 29392.
167
Calculate the greatest common divisor of 9 and 1899549.
9
What is the highest common factor of 59928 and 6600?
264
Calculate the greatest common divisor of 128265 and 2380.
85
Calculate the highest common divisor of 124 and 29791.
31
What is the greatest common divisor of 6175124 and 2512?
628
Calculate the greatest common divisor of 254606 and 652.
326
Calculate the greatest common factor of 777819 and 21.
21
What is the greatest common divisor of 818 and 22?
2
Calculate the greatest common divisor of 772578 and 27.
27
What is the highest common factor of 312422 and 484?
242
Calculate the highest common divisor of 11544 and 2184.
312
What is the greatest common divisor of 774441 and 81?
81
What is the greatest common factor of 44 and 253198?
22
Calculate the greatest common factor of 64481 and 34.
17
What is the greatest common factor of 103761 and 10449?
243
Calculate the highest common divisor of 3403 and 60803.
41
What is the highest common divisor of 88 and 2008?
8
What is the greatest common factor of 242 and 9524273?
121
What is the greatest common factor of 54613 and 39?
13
What is the greatest common divisor of 985 and 132581?
197
What is the h